 number?
False
Is 1234439 a composite number?
False
Is 379751 composite?
False
Is 39737 a prime number?
False
Is 8135 prime?
False
Is 1367967 a composite number?
True
Is 28741 a prime number?
False
Is 107443 composite?
True
Is 52619 a composite number?
True
Is 241013 a composite number?
False
Is 1781 a composite number?
True
Is 510529 composite?
False
Is 419029 a prime number?
False
Is 27941 composite?
False
Is 11189 prime?
False
Is 375259 composite?
False
Is 1020461 composite?
True
Is 379191 a composite number?
True
Is 155191 composite?
False
Is 73453 a composite number?
False
Is 36241 a composite number?
False
Is 1714583 prime?
False
Is 913 a composite number?
True
Is 59347 a prime number?
False
Is 49853 prime?
True
Is 10991 prime?
False
Is 131041 a prime number?
True
Is 1969 a prime number?
False
Is 1010319 composite?
True
Is 50233 composite?
True
Is 33107 a composite number?
False
Is 1074457 a prime number?
False
Is 983 prime?
True
Is 80378 composite?
True
Is 190051 a composite number?
False
Is 317159 composite?
False
Is 9677 a prime number?
True
Is 14519 a prime number?
True
Is 1615265 a prime number?
False
Is 10817 prime?
False
Is 3863 composite?
False
Is 1847 prime?
True
Is 476039 a prime number?
True
Is 54357 a composite number?
True
Is 82581 a composite number?
True
Is 752365 composite?
True
Is 1543 composite?
False
Is 643213 a composite number?
False
Is 27137 composite?
True
Is 32066 a composite number?
True
Is 700453 a prime number?
False
Is 20323 composite?
False
Is 50411 a composite number?
False
Is 53551 composite?
False
Is 15791 a prime number?
True
Is 9431 prime?
True
Is 82789 prime?
False
Is 5959 prime?
False
Is 11057 a composite number?
False
Is 4759 prime?
True
Is 737 prime?
False
Is 3218095 a prime number?
False
Is 268283 prime?
True
Is 22853 a composite number?
False
Is 7321 a prime number?
True
Is 1220099 prime?
True
Is 127 composite?
False
Is 9377 a prime number?
True
Is 6821 composite?
True
Is 10037 composite?
False
Is 16773 a composite number?
True
Is 25841 a composite number?
False
Is 78379 composite?
True
Is 629386 a composite number?
True
Is 781141 a composite number?
True
Is 7411 composite?
False
Is 91393 a composite number?
False
Is 1861 composite?
False
Is 14699 a composite number?
False
Is 16291 composite?
True
Is 19841 composite?
False
Is 16033 composite?
False
Is 1061 a composite number?
False
Is 24841 a composite number?
False
Is 37211 a composite number?
True
Is 18431 prime?
False
Is 2267 composite?
False
Is 474137 a composite number?
False
Is 47563 prime?
True
Is 90587 composite?
True
Is 15706 composite?
True
Is 11113 a prime number?
True
Is 18113 a composite number?
True
Is 487 prime?
True
Is 123853 a prime number?
True
Is 319 a composite number?
True
Is 1531447 a prime number?
True
Is 28513 a prime number?
True
Is 2932271 composite?
False
Is 15049 prime?
False
Is 39517 prime?
False
Is 1812817 a composite number?
False
Is 4391 a composite number?
False
Is 4717 a prime number?
False
Is 10162 a prime number?
False
Is 984047 a composite number?
False
Is 165139 a composite number?
True
Is 4897 a composite number?
True
Is 367937 composite?
True
Is 107299 a prime number?
False
Is 139117 a prime number?
False
Is 11751 a prime number?
False
Is 2153 composite?
False
Is 303037 composite?
True
Is 6313 prime?
False
Is 752053 prime?
True
Is 179999 a prime number?
True
Is 396874 a prime number?
False
Is 1681841 a composite number?
True
Is 5539 composite?
True
Is 2554 a composite number?
True
Is 257135 prime?
False
Is 126781 prime?
True
Is 108107 a composite number?
False
Is 46651 prime?
False
Is 146977 a composite number?
False
Is 34631 a prime number?
True
Is 1358459 prime?
True
Is 136021 a prime number?
False
Is 7093 prime?
False
Is 83383 a composite number?
False
Is 97345 composite?
True
Is 80897 composite?
False
Is 44539 prime?
False
Is 38143 a composite number?
True
Is 248437 a composite number?
True
Is 205177 a composite number?
True
Is 96643 a composite number?
False
Is 1657 a prime number?
True
Is 553 a prime number?
False
Is 6497 a composite number?
True
Is 4297 a composite number?
False
Is 4231919 prime?
True
Is 124994 a composite number?
True
Is 100831 prime?
False
Is 345853 composite?
False
Is 19117 prime?
False
Is 10267 a prime number?
True
Is 102667 prime?
True
Is 3 prime?
True
Is 9287 a composite number?
True
Is 53987 a prime number?
True
Is 16963 composite?
False
Is 5981 a composite number?
False
Is 64871 a prime number?
True
Is 60331 composite?
False
Is 55219 a prime number?
True
Is 139811 composite?
True
Is 1086331 a prime number?
True
Is 360482 composite?
True
Is 45641 a composite number?
False
Is 33817 composite?
True
Is 127123 a prime number?
True
Is 8849 composite?
False
Is 80071 a composite number?
False
Is 5755 a prime number?
False
Is 36977 a prime number?
False
Is 2939 a composite number?
False
Is 216254 a prime number?
False
Is 11369 prime?
True
Is 3603229 a prime number?
False
Is 353603 composite?
False
Is 83537 composite?
False
Is 37477 composite?
True
Is 50411 a composite number?
False
Is 19739 a composite number?
False
Is 1404617 a composite number?
False
Is 379831 a prime number?
False
Is 3137 prime?
True
Is 193657 a composite number?
True
Is 42893 composite?
True
Is 4621 prime?
True
Is 34499 composite?
False
Is 1369 composite?
True
Is 1616483 a prime number?
False
Is 676621 prime?
False
Is 528731 a composite number?
True
Is 46553 prime?
False
Is 76745 composite?
True
Is 3271 prime?
True
Is 210407 composite?
False
Is 390647 a composite number?
False
Is 139021 a prime number?
True
Is 242547 a composite number?
True
Is 42673 a composite number?
True
Is 52517 a prime number?
True
Is 109999 prime?
False
Is 626819 composite?
True
Is 54709 composite?
False
Is 383371 prime?
True
Is 4411 composite?
True
Is 4667 prime?
False
Is 11335 prime?
False
Is 28643 prime?
True
Is 2327 a prime number?
False
Is 256073 composite?
True
Is 50359 prime?
True
Is 90313 composite?
False
Is 1238455 a prime number?
False
Is 2947 a composite number?
True
Is 39953 composite?
False
Is 61121 prime?
True
Is 977771 prime?
False
Is 9391 composite?
False
Is 5489 a prime number?
False
Is 3989 prime?
True
Is 282631 prime?
False
Is 104989 composite?
True
Is 537 composite?
True
Is 59509 prime?
True
Is 257 a prime number?
True
Is 1833771 a composite number?
True
Is 8803 a prime number?
True
Is 3097 a prime number?
False
Is 39477 a prime number?
False
Is 68399 composite?
False
Is 1049 prime?
True
Is 855941 a prime number?
False
Is 507829 composite?
True
Is 51703 a prime number?
False
Is 1707577 a composite number?
False
Is 567677 a prime number?
False
Is 23843 a prime number?
False
Is 53035 composite?
True
Is 106378 composite?
True
Is 2453681 composite?
True
Is 3911937 a prime number?
False
Is 27581 a composite number?
False
Is 354719 composite?
True
Is 100247 a prime number?
False
Is 69583 a prime number?
False
Is 158635 prime?
False
Is 24019 a composite number?
False
Is 20833 a prime number?
False
Is 1271597 a prime number?
True
Is 7921 prime?
False
Is 720061 prime?
False
Is 1439 a composite number?
False
Is 6821 a prime number?
False
Is 21977 prime?
True
Is 55299 composite?
True
Is 43133 a composite number?
False
Is 63889 a composite number?
True
Is 3829 prime?
False
Is 111899 a prime number?
False
Is 21433 composite?
False
Is 1921 prime?
False
Is 315709 a composite number?
True
Is 40213 composite?
False
Is 137827 a prime number?
True
Is 45707 a prime number?
True
Is 139541 a composite number?
True
Is 2815 composite?
True
Is 436249 a composite number?
True
Is 2161 a prime number?
True
Is 31091 a composite number?
False
Is 42557 composite?
False
Is 9778 a prime number?
False
Is 15071 a prime number?
False
Is 63185 composite?
True
Is 20627 prime?
True
Is 396619 a prime number?
True
Is 1063081 composite?
True
Is 583447 a composite number?
False
Is 352177 a composite number?
True
Is 253109 a prime number?
True
Is 1499 a prime number?
True
Is 61879 composite?
False
Is 6731 composite?
True
Is 687727 a composite number?
True
Is 57533 a prime number?
False
Is 226847 a prime number?
False
Is 21467 prime?
True
Is 331507 composite?
True
Is 701 a composite number?
False
Is 38903 a composite number?
False
Is 64147 prime?
False
Is 41189 